{"id":27,"date":"2012-07-20T15:50:09","date_gmt":"2012-07-20T13:50:09","guid":{"rendered":"http:\/\/ip-telefon.com\/wordpress\/?page_id=27"},"modified":"2018-06-01T20:35:01","modified_gmt":"2018-06-01T19:35:01","slug":"impessum","status":"publish","type":"page","link":"http:\/\/ip-telefon.com\/wordpress\/impessum","title":{"rendered":"Impessum"},"content":{"rendered":"<p>Herausgeber (V.i.S.d.P)<\/p>\n<p>Sport Hermanns e. K.<br \/>\nJakobsh\u00f6he 70<br \/>\nD 41066 M\u00f6nchengladbach<br \/>\nTel. +49 (0) 2161 &#8211; 60 17 50<br \/>\nFax +49 (0) 2161 &#8211; 63 99 30 69<br \/>\nE-Mail: <a href=\"mailto:info@bayliner-boot.de\">info@bayliner-boot.de<\/a><\/p>\n<p>Ust.-IdNr. DE258063308<br \/>\nHandelsregister Nr. 696<\/p>\n<p>Copyright S\u00e4mtliche Inhalte dieser Website sind Eigentum der US Marine. Die Firma \u00fcbernimmt keine Verantwortung f\u00fcr inhaltliche Fehler und eventuell daraus resultierende Sch\u00e4den. Die Verwendung der Inhalte darf nur mit ausdr\u00fccklicher schriftlicher Genehmigung der Sport Hermanns e. K. erfolgen. Unerlaubte Vervielf\u00e4ltigung oder Verwendung wird strafrechtlich verfolgt.<\/p>\n<p>Disclaimer<br \/>\nMit Urteil vom 12. Mai 1998 hat das Landgericht Hamburg entschieden, dass man durch die Schaltung eines Links die Inhalte der gelinkten Seite ggf. mit zu verantworten hat. Dies kann &#8211; so das Landgericht Hamburg &#8211; nur dadurch verhindert werden, dass man sich ausdr\u00fccklich von diesen Inhalten distanziert. Die Sport Hermanns erkl\u00e4rt hiermit, dass sie keinerlei Einfluss auf die Gestaltung und die Inhalte der gelinkten Seiten hat.<br \/>\nF\u00fcr Qualit\u00e4t und Inhalte der angegebenen Links sind die jeweiligen Website-Besitzer selber verantwortlich.<\/p>\n<p><a href=\"http:\/\/ip-telefon.com\/wordpress\/datenschutz\">Datenschutzerkl\u00e4rung<\/a><\/p>\n","protected":false},"excerpt":{"rendered":"<p>Herausgeber (V.i.S.d.P) Sport Hermanns e. K. Jakobsh\u00f6he 70 D 41066 M\u00f6nchengladbach Tel. +49 (0) 2161 &#8211; 60 17 50 Fax +49 (0) 2161 &#8211; 63 99 30 69 E-Mail: info@bayliner-boot.de Ust.-IdNr. DE258063308 Handelsregister Nr. 696 Copyright S\u00e4mtliche Inhalte dieser Website &hellip; <a href=\"http:\/\/ip-telefon.com\/wordpress\/impessum\">Weiterlesen <span class=\"meta-nav\">&rarr;<\/span><\/a><\/p>\n","protected":false},"author":1,"featured_media":59,"parent":0,"menu_order":4,"comment_status":"closed","ping_status":"closed","template":"onecolumn-page.php","meta":{"footnotes":""},"class_list":["post-27","page","type-page","status-publish","has-post-thumbnail","hentry"],"aioseo_notices":[],"_links":{"self":[{"href":"http:\/\/ip-telefon.com\/wordpress\/wp-json\/wp\/v2\/pages\/27","targetHints":{"allow":["GET"]}}],"collection":[{"href":"http:\/\/ip-telefon.com\/wordpress\/wp-json\/wp\/v2\/pages"}],"about":[{"href":"http:\/\/ip-telefon.com\/wordpress\/wp-json\/wp\/v2\/types\/page"}],"author":[{"embeddable":true,"href":"http:\/\/ip-telefon.com\/wordpress\/wp-json\/wp\/v2\/users\/1"}],"replies":[{"embeddable":true,"href":"http:\/\/ip-telefon.com\/wordpress\/wp-json\/wp\/v2\/comments?post=27"}],"version-history":[{"count":23,"href":"http:\/\/ip-telefon.com\/wordpress\/wp-json\/wp\/v2\/pages\/27\/revisions"}],"predecessor-version":[{"id":1664,"href":"http:\/\/ip-telefon.com\/wordpress\/wp-json\/wp\/v2\/pages\/27\/revisions\/1664"}],"wp:featuredmedia":[{"embeddable":true,"href":"http:\/\/ip-telefon.com\/wordpress\/wp-json\/wp\/v2\/media\/59"}],"wp:attachment":[{"href":"http:\/\/ip-telefon.com\/wordpress\/wp-json\/wp\/v2\/media?parent=27"}],"curies":[{"name":"wp","href":"https:\/\/api.w.org\/{rel}","templated":true}]}}